2). Suppose 0 = 2*c + 2. What is the remainder when (11 - 1) + s/c is divided by 4?
2
Suppose 2*k = -5*w + w - 24, -4*k - 4*w - 28 = 0. What is the remainder when k/(-9) + 1561/63 is divided by 7?
4
Let h be 2*3*3/(-6). Let m = -9 + h. Calculate the remainder when 13 is divided by (-15)/2*8/m.
3
Let o be (-2)/(38/40 + -1). Suppose z = 6*z - o. Let w = 17 + -14. Calculate the remainder when z is divided by w.
2
Let q(v) = v**3 - 6*v**2 - 5*v - 10. Suppose 3*k - 29 = 2*m, 2*k + 0*m = -m + 10. Let p(i) = -2*i - 1. What is the remainder when p(-6) is divided by q(k)?
3
Suppose 4*x - 30 = -2*s, -3*s - s - 3*x = -65. Suppose 2 = -3*p + 17. Calculate the remainder when s is divided by p.
2
Suppose 863 = 7*z + 142. Calculate the remainder when z is divided by 27.
22
Let j be -3*(-10)/18*-9. Let l = j - -44. Calculate the remainder when l is divided by 10.
9
Let u(w) = w**2 + 5*w - 11. What is the remainder when 71 is divided by u(-9)?
21
Suppose 4*v - 5*r - 204 = 0, 5*r + 260 = 4*v + v. Suppose 0 = 3*f - 4*z + v, f - 2*f - z = 14. Let o = -8 - f. Calculate the remainder when 21 is divided by o.
5
Suppose 2*t - 76 = 6. Let i be (11 - 14) + 14/1. Suppose -98 = 4*o - i*o. Calculate the remainder when t is divided by o.
13
Suppose 4*q - 77 = 15. Calculate the remainder when q is divided by 5.
3
Let w = 165 - 25. Suppose 3*m + 2*m = w. Let g = 33 + -18. Calculate the remainder when m is divided by g.
13
Let t(k) = k + 6. Let u be t(-8). What is the remainder when (-15)/(-2)*(0 - u) is divided by 8?
7
Suppose -3*u - 2*i + 17 = -2*u, -3*u - 3*i + 39 = 0. What is the remainder when 30 is divided by u?
3
Let k(y) = -y**2 - 6*y. Let l be k(-5). Let d = 14 - -1. Let v = l + d. Calculate the remainder when v is divided by 11.
9
Suppose -2*x + 4 = 0, -3*j - 5*x = j - 14. Suppose -2*f = -4*f + 2. Calculate the remainder when f is divided by j.
0
Let i = 8 - -2. Let u = 12 - i. What is the remainder when u is divided by 2?
0
Let z be 2*-6*4/(-6). Let j = -4 + z. What is the remainder when 10 is divided by j?
2
Suppose -2*g - 5*d + 51 = 0, -3*g = 4*d - d - 63. Calculate the remainder when 52 is divided by g.
16
Let k(u) = u**2 + 2*u + 5. Calculate the remainder when 14 is divided by k(0).
4
Let m(r) = 11*r - 27. What is the remainder when m(13) is divided by 40?
36
Let c = -48 - -67. Calculate the remainder when c is divided by 12.
7
Suppose j = -j, 0 = -5*g - 4*j + 10. Suppose -3*w + 5*b = -5, 13 = 4*w + 4*b - 15. What is the remainder when w is divided by g?
1
Suppose 5*g - 65 - 100 = 0. What is the remainder when g is divided by ((-4)/(-4))/(((-6)/34)/(-3))?
16
Let q = -1 - -4. Suppose 0 = q*g - 4 - 11. Suppose -d = -2*d + 14. Calculate the remainder when d is divided by g.
4
Calculate the remainder when 28 is divided by 5*((-9)/(-11) - 8/(-44)).
3
Let g = 128 + -78. Calculate the remainder when g is divided by 13.
11
Calculate the remainder when (0 - (1 + 0)) + 32 is divided by 13 + 12/9*-3 - 1.
7
Let w = 5 + 16. Calculate the remainder when 81 is divided by w.
18
Let r(v) = -v**3 - 9*v**2 - 3*v + 1. Calculate the remainder when 48 is divided by r(-9).
20
Let u(y) = y**3 + 14*y**2 + 13*y + 8. Let z be u(-13). Let r = 3 + -8. Let h = r + z. What is the remainder when 8 is divided by h?
2
Suppose 5*f + 22 - 67 = 0. Calculate the remainder when 33 is divided by f.
6
Let z(q) = -q**3 - 17*q**2 + q + 36. What is the remainder when 73 is divided by z(-17)?
16
Let i(o) = -o**3 - 5*o**2 + 10*o + 26. Calculate the remainder when i(-7) is divided by 8.
6
Let f = 99 - 95. Calculate the remainder when 57 is divided by f.
1
Suppose -5 = u + 7. Let y(c) = -c**3 - c**2 - 9. Let w be y(0). What is the remainder when 29 is divided by u*6/w - -2?
9
Suppose 4*x - 140 = -2*o + 2*x, -2*o - 5*x + 137 = 0. What is the remainder when o is divided by 12?
11
Let c(x) = x**2 + 10*x - 4. Calculate the remainder when 27 is divided by c(-11).
6
Let r(x) = x**3 - 2*x**2 + x. Calculate the remainder when r(4) is divided by 13.
10
Suppose 5*h - 155 = -3*f - 2*f, 5*f - 149 = -2*h. Let c = -20 + f. What is the remainder when ((-10)/(-4))/(1/10) is divided by c?
7
Let j = 41 + -4. Calculate the remainder when j is divided by (26/6)/((-1)/(-3)).
11
Suppose 6 = 4*j + 2, -2*d + 201 = j. Calculate the remainder when (d/(-6))/5*-6 is divided by 11.
9
Suppose 3*z = 3*w + 24, 0*z + z + 2*w = -7. Let m(y) = 2*y**2 + 2*y - 4. Let h be m(z). Let s = h + -11. Calculate the remainder when s is divided by 6.
3
Suppose -6 = 5*a - 4*m, a + m - 2 = 4. Suppose -a = 4*i - 26. Suppose -5*s - 1 + i = 0. Calculate the remainder when 2 is divided by s.
0
Suppose 2*f - 4*a = 74, 3*f - 5*a + 42 - 154 = 0. What is the remainder when f is divided by 14?
11
Let l(h) = 19*h**3 + h**2 + 6*h. Let p(u) = 37*u**3 + 2*u**2 + 11*u. Let o(f) = 11*l(f) - 6*p(f). Calculate the remainder when 34 is divided by o(-1).
10
Let x(b) = -b**2 + 19*b - 17. Calculate the remainder when x(16) is divided by 17.
14
What is the remainder when 6 is divided by 15/((-15)/(-3)) - 1?
0
Let m(r) = r + 4. What is the remainder when m(12) is divided by 9?
7
Calculate the remainder when 31 - (-4)/(-1 - -2) is divided by 9.
8
Let m(y) = -y**2 + 7*y - 3. Let o = 22 + -15. Let x = -3 + o. Calculate the remainder when x is divided by m(6).
1
Let x(k) = 2*k**2 + 2*k - 2. What is the remainder when x(-3) is divided by 2?
0
Let q = 36 - 35. Suppose 2*m = 7*m - 10. Calculate the remainder when m is divided by q.
0
Let m be (-40)/(-5)*52/16. Suppose h + 5 = m. What is the remainder when h is divided by 4?
1
Suppose -5*d - 2*a = -53, 2*d - d - 8 = -3*a. Let n(c) = 12*c - 3. Let t be n(5). Let z = t - 15. Calculate the remainder when z is divided by d.
9
Let y = 1 - -13. Calculate the remainder when 68 is divided by y.
12
Let p be (-9)/(-15) + (-459)/15. Calculate the remainder when 21 is divided by (p - -8)*1/(-2).
10
Let c(z) = 32*z + 11. What is the remainder when c(3) is divided by 12?
11
Let y(a) be the first derivative of -5*a**4/2 - a + 2. Calculate the remainder when y(-1) is divided by (0 + 0 + 5)*1.
4
Let h = -17 - -32. Let b(i) = -13*i + 4. Suppose 0*a - a - 3 = 0. What is the remainder when b(a) is divided by h?
13
Suppose 2*y - 4*f - 64 = 4, 0 = -5*y - f + 170. What is the remainder when y is divided by 1 + -2 + 0 + 10?
7
Let j = 220 - 129. Suppose 5*y = -1 + j. What is the remainder when y is divided by 10?
8
Let n = -4 - -6. Calculate the remainder when 27 is divided by (14/6)/(n/12).
13
Let o(p) = 4*p - 3. What is the remainder when o(8) is divided by 10?
9
Let r(o) = -o + 2. Let i be r(-8). Suppose -282 = -4*u + 5*b - 28, 5*b = i. Calculate the remainder when u is divided by 17.
15
Suppose 2*a - 92 = 2*q, -49 = 3*q + 4*a + 103. Let b = 83 + q. Calculate the remainder when b is divided by 18/(6*3/12).
11
Suppose 0*x = x + 3*o - 8, 2*x - 19 = -5*o. What is the remainder when 33 is divided by x?
16
Let x(f) = f + 5. Let i be x(-5). Suppose a - 23 - 38 = i. Let m = a + -35. What is the remainder when m is divided by 14?
12
What is the remainder when 70/3 + (-1)/3 is divided by 5?
3
Let u(a) = a + 13. Let w = -18 + 12. Let y be u(w). Suppose -4*f = -3*x - 0*x, 2*x + y = 5*f. What is the remainder when 6 is divided by x?
2
Let u = 3 - 0. Suppose -u*z - 1 + 16 = 0. Suppose 5*x = 4*f + 67, x + z*f = 2*x - 26. What is the remainder when 31 is divided by x?
9
Let a(f) = 2*f**2 + 10*f + 4. Calculate the remainder when a(-9) is divided by 40.
36
Calculate the remainder when 36 - (7 + -4 + -4) is divided by 10.
7
Let s = -30 - -31. Calculate the remainder when 6 is divided by s.
0
Let t = -31 - -60. What is the remainder when t is divided by 15?
14
Suppose 3*l - 40 = -7*l. Calculate the remainder when l is divided by 2.
0
Let q(k) = -k + 16. Let t be q(12). Suppose -3*g + 1 = t*f, -5*f + 2*g + 6 = -24. Suppose -f*r + 31 = -33. What is the remainder when r is divided by 9?
7
Let n(i) = -i**3 + i**2 - 2. Suppose 0 = -v - 0*v. Let u be n(v). Let d(p) = -2*p**3 + p**2 - 2. Calculate the remainder when d(u) is divided by 10.
8
Calculate the remainder when 29 is divided by (8*6/96)/((-2)/(-48)).
5
Let u(m) = -m**2 - m. Let h(k) = -k**2 + 4. Let z(q) = h(q) - 2*u(q). Let f be z(-4). What is the remainder when ((-5)/4)/((-1)/f) is divided by 8?
7
Suppose -2*t - 2*x =